SET FOREIGN_KEY_CHECKS=0; SET UNIQUE_CHECKS=0; SET NAMES LATIN2;

--
-- Host: localhost    Database: nf1
-- ------------------------------------------------------



drop database if exists nf2;
create database nf2;
use nf2;

--
-- Table structure for table `autorzy`
--

CREATE TABLE `autorzy` (
  `id` int(11) NOT NULL auto_increment,
  `imie` varchar(100) default NULL,
  `nazwisko` varchar(50) default NULL,
  `email` varchar(100) default NULL,
  `bio` text,
  PRIMARY KEY  (`id`)
) ENGINE=InnoDB AUTO_INCREMENT=6 DEFAULT CHARSET=latin2;

--
-- Dumping data for table `autorzy`
--

INSERT INTO `autorzy` VALUES (1,'Chad','Russell','chad@webspace.com','Chad Russell to programista'),(2,'Jon','Stephens','jon@mysql.com','Jon Stephens to członek zespołu MySQL'),(3,'Paul','DuBois','paul@gamil.com','Programista'),(4,'Charles','Bell','charles@twot.com','Pracuje w zespole Oracle MySQL'),(5,'Alan','Duboff','alan@gamil.com','Fajny gość');

--
-- Table structure for table `ksiazki`
--

CREATE TABLE `ksiazki` (
  `isbn` char(13) NOT NULL,
  `tytul` varchar(200) default NULL,
  `stron` smallint(6) default NULL,
  `wydawcy_id` int(11) NOT NULL,
  PRIMARY KEY  (`isbn`),
  KEY `wydawcy_k` (`wydawcy_id`),
  CONSTRAINT `wydawcy_k` FOREIGN KEY (`wydawcy_id`) REFERENCES `wydawcy` (`id`)
) ENGINE=InnoDB DEFAULT CHARSET=latin2;

--
-- Dumping data for table `ksiazki`
--

INSERT INTO `ksiazki` VALUES ('1590593324000','MySQL Database Design and Optimization',520,1),('1937287539014','So You\'d Like To Use MySQL...',67,2),('9780321833877','MySQL Developer\'s Library',1176,3),('9781430246602','Expert MySQL',640,1),('9781484206836','PHP Development Tool Essentials',109,1);

--
-- Table structure for table `ksiazki_autorzy`
--

CREATE TABLE `ksiazki_autorzy` (
  `isbn` char(13) NOT NULL,
  `autorzy_id` int(11) NOT NULL,
  KEY `isbn_k` (`isbn`),
  KEY `autorzy_k` (`autorzy_id`)
) ENGINE=InnoDB DEFAULT CHARSET=latin2;

--
-- Dumping data for table `ksiazki_autorzy`
--

INSERT INTO `ksiazki_autorzy` VALUES ('1590593324000',1),('1590593324000',2),('1937287539014',2),('9780321833877',3),('9781430246602',4),('9781484206836',1);

--
-- Table structure for table `ksiazki_tematyka`
--

CREATE TABLE `ksiazki_tematyka` (
  `isbn` char(13) NOT NULL,
  `tematyka_id` int(11) NOT NULL,
  KEY `isbn_k` (`isbn`),
  KEY `tematyka_k` (`tematyka_id`)
) ENGINE=InnoDB DEFAULT CHARSET=latin2;

--
-- Dumping data for table `ksiazki_tematyka`
--

INSERT INTO `ksiazki_tematyka` VALUES ('1590593324000',1),('1590593324000',2),('1937287539014',1),('1937287539014',3),('9780321833877',1),('9780321833877',5),('9781430246602',1),('9781430246602',3),('9781484206836',4),('9781484206836',5);

--
-- Table structure for table `recenzje`
--

CREATE TABLE `recenzje` (
  `isbn` char(13) NOT NULL,
  `autorzy_id` int(11) NOT NULL,
  `recenzja` text,
  `email` varchar(100) default NULL,
  PRIMARY KEY  (`isbn`,`autorzy_id`)
) ENGINE=InnoDB DEFAULT CHARSET=latin2;

--
-- Dumping data for table `recenzje`
--


--
-- Table structure for table `tematyka`
--

CREATE TABLE `tematyka` (
  `id` int(11) NOT NULL auto_increment,
  `nazwa` varchar(200) default NULL,
  PRIMARY KEY  (`id`)
) ENGINE=InnoDB AUTO_INCREMENT=9 DEFAULT CHARSET=latin2;

--
-- Dumping data for table `tematyka`
--

INSERT INTO `tematyka` VALUES (1,'MySQL'),(2,'projektowanie baz danych'),(3,'zarządzanie bazą danych'),(4,'PHP'),(5,'programowanie'),(6,'Firebird'),(7,'Oracle'),(8,'relacyjne bazy danych');

--
-- Table structure for table `wydawcy`
--

CREATE TABLE `wydawcy` (
  `id` int(11) NOT NULL auto_increment,
  `nazwa` varchar(100) default NULL,
  `adres` varchar(200) default NULL,
  `miasto` varchar(50) default NULL,
  `wojewodztwo` varchar(50) default NULL,
  `kod` char(6) default NULL,
  PRIMARY KEY  (`id`)
) ENGINE=InnoDB AUTO_INCREMENT=5 DEFAULT CHARSET=latin2;

--
-- Dumping data for table `wydawcy`
--

INSERT INTO `wydawcy` VALUES (1,'Apress','2560 Ninth Street, Station 219','Berkeley','California','94710'),(2,'Realy Linux','otchłań sieci internet',NULL,NULL,NULL),(3,'New Riders Publications','1301 Sansome Street','San Francisco','California','94111'),(4,'O\'Reilly','1005 Gravenstein Highway North','Sebastopol','California','95472');


